{"id":59,"date":"2016-10-13T18:41:54","date_gmt":"2016-10-13T15:41:54","guid":{"rendered":"http:\/\/www.matk.ee\/?page_id=59"},"modified":"2025-11-27T22:14:55","modified_gmt":"2025-11-27T20:14:55","slug":"juhatus","status":"publish","type":"page","link":"https:\/\/www.matk.ee\/","title":{"rendered":"Harju Matkaklubi"},"content":{"rendered":"\n<p>Harju Matkaklubi loodi 1971.aasta s\u00fcgisel. <\/p>\n\n\n\n<p>Harju Matkaklubi on vaba tahte korras asutatud ja avalikes huvides tegutsev heategevuslik \u00fchendus, mille eesm\u00e4rgid ja p\u00f5hitegevus on suunatud matkamise harrastamisele ja selleks tingimuste loomisele. Klubi eesm\u00e4rgiks on sportimise ja vaba aja veetmise v\u00f5imaluste loomine, matkamine kui tervistava spordiala viljelemine ja edendamine.<\/p>\n\n\n\n<p>Harju Matkaklubi \u00fchendab looduses\u00f5pru, kes hindavad liikumist, avastamist ja koosveedetud aega Eesti kaunimates paikades. Meie klubi eesm\u00e4rk on pakkuda erineva raskusastmega matku nii algajatele kui ka kogenud seiklejatele, luues v\u00f5imalusi uute elamuste kogemiseks ja oma f\u00fc\u00fcsilise vastupidavuse proovilepanekuks. Klubi liikmeks v\u00f5ib olla iga f\u00fc\u00fcsiline v\u00f5i juriidiline isik, kes vastutab klubi p\u00f5hikirja n\u00f5uetele. Klubil on liikmeid 38 (seisuga 27.11.2025).<\/p>\n\n\n\n<p>Klubi auliikmed on Elmar Veerm\u00e4e, Jaak Kalle, Kristi M\u00e4gi, \u00dclo Kangur, T\u00f5nis Puss ja Jakov Bauman.<\/p>\n\n\n\n<p><\/p>\n\n\n\n<p><strong>Liitu Harju Matkaklubiga<\/strong> ja avasta, kui palju r\u00f5\u00f5mu ja inspiratsiooni v\u00f5ib loodusest ammutada. Liitumisavalduse leiad <a href=\"https:\/\/drive.google.com\/file\/d\/1x03Vo9Cj-6o7z1-qvXRDeGl2ndYele0p\/view?usp=drive_link\">siit<\/a>! Laadi see alla, t\u00e4ida \u00e4ra, allkirjasta ning edasta info(\u00e4t)matk.ee.<\/p>\n\n\n\n<p>2025.aastal on liikmemaks 10 eurot!<\/p>\n\n\n\n<p><\/p>\n","protected":false},"excerpt":{"rendered":"<p>Harju Matkaklubi loodi 1971.aasta s\u00fcgisel. Harju Matkaklubi on vaba tahte korras asutatud ja avalikes huvides tegutsev heategevuslik \u00fchendus, mille eesm\u00e4rgid ja p\u00f5hitegevus on suunatud matkamise harrastamisele ja selleks tingimuste loomisele. Klubi eesm\u00e4rgiks on sportimise ja vaba aja veetmise v\u00f5imaluste loomine, &hellip; <a href=\"https:\/\/www.matk.ee\/\">J\u00e4tka lugemist <span class=\"meta-nav\">&rarr;<\/span><\/a><\/p>\n","protected":false},"author":4,"featured_media":0,"parent":0,"menu_order":0,"comment_status":"closed","ping_status":"closed","template":"","meta":{"_uag_custom_page_level_css":"","footnotes":""},"class_list":["post-59","page","type-page","status-publish","hentry"],"uagb_featured_image_src":{"full":false,"thumbnail":false,"medium":false,"medium_large":false,"large":false,"1536x1536":false,"2048x2048":false,"post-thumbnail":false},"uagb_author_info":{"display_name":"J\u00fcri K\u00f5iv","author_link":"https:\/\/www.matk.ee\/index.php\/author\/jyrikoiv\/"},"uagb_comment_info":0,"uagb_excerpt":"Harju Matkaklubi loodi 1971.aasta s\u00fcgisel. Harju Matkaklubi on vaba tahte korras asutatud ja avalikes huvides tegutsev heategevuslik \u00fchendus, mille eesm\u00e4rgid ja p\u00f5hitegevus on suunatud matkamise harrastamisele ja selleks tingimuste loomisele. Klubi eesm\u00e4rgiks on sportimise ja vaba aja veetmise v\u00f5imaluste loomine, &hellip; J\u00e4tka lugemist &rarr;","_links":{"self":[{"href":"https:\/\/www.matk.ee\/index.php\/wp-json\/wp\/v2\/pages\/59","targetHints":{"allow":["GET"]}}],"collection":[{"href":"https:\/\/www.matk.ee\/index.php\/wp-json\/wp\/v2\/pages"}],"about":[{"href":"https:\/\/www.matk.ee\/index.php\/wp-json\/wp\/v2\/types\/page"}],"author":[{"embeddable":true,"href":"https:\/\/www.matk.ee\/index.php\/wp-json\/wp\/v2\/users\/4"}],"replies":[{"embeddable":true,"href":"https:\/\/www.matk.ee\/index.php\/wp-json\/wp\/v2\/comments?post=59"}],"version-history":[{"count":5,"href":"https:\/\/www.matk.ee\/index.php\/wp-json\/wp\/v2\/pages\/59\/revisions"}],"predecessor-version":[{"id":887,"href":"https:\/\/www.matk.ee\/index.php\/wp-json\/wp\/v2\/pages\/59\/revisions\/887"}],"wp:attachment":[{"href":"https:\/\/www.matk.ee\/index.php\/wp-json\/wp\/v2\/media?parent=59"}],"curies":[{"name":"wp","href":"https:\/\/api.w.org\/{rel}","templated":true}]}}